93 a prime number?
True
Is 6634711 prime?
True
Is 26855219 composite?
True
Is 85374199 a composite number?
False
Is 26854801 a prime number?
False
Is 5487847 a composite number?
True
Is 32336621 composite?
False
Is 2750521 a composite number?
True
Is 14847643 prime?
True
Is 229044869 composite?
True
Is 1675897 composite?
True
Is 2243959 a prime number?
True
Is 86399 a prime number?
True
Is 4570097 a prime number?
False
Is 49384977 composite?
True
Is 18711919 a composite number?
False
Is 2445137 a composite number?
True
Is 15463709 a composite number?
False
Is 9996703 prime?
True
Is 658001 a composite number?
False
Is 97455614 prime?
False
Is 40457869 a composite number?
True
Is 58566773 composite?
False
Is 26836867 prime?
False
Is 33493351 composite?
True
Is 5041801 a composite number?
False
Is 23508349 composite?
True
Is 9200559 prime?
False
Is 179966887 a composite number?
False
Is 807791 composite?
True
Is 36748765 composite?
True
Is 799261 a prime number?
False
Is 172633105 a composite number?
True
Is 191881 prime?
False
Is 1301821 prime?
True
Is 16876369 composite?
True
Is 53853683 a prime number?
False
Is 19971041 prime?
True
Is 33599981 prime?
True
Is 12747619 composite?
False
Is 4214323 composite?
False
Is 2705371 composite?
True
Is 2982583 a composite number?
False
Is 612439 composite?
False
Is 29263243 prime?
False
Is 31599727 a prime number?
True
Is 371561 a prime number?
True
Is 9314209 a prime number?
True
Is 1914215 composite?
True
Is 1009427 composite?
True
Is 3184613 prime?
True
Is 8089589 a prime number?
False
Is 305209 a composite number?
False
Is 8409409 composite?
False
Is 28776743 a prime number?
True
Is 274345241 a prime number?
True
Is 123203 prime?
True
Is 31499459 composite?
False
Is 718703 composite?
False
Is 1794557 a composite number?
False
Is 3184621 a composite number?
True
Is 239798191 a composite number?
False
Is 35087947 a composite number?
True
Is 179200421 a prime number?
False
Is 2792249 prime?
True
Is 37545523 a composite number?
False
Is 3090829 composite?
True
Is 42777421 a composite number?
True
Is 1015153747 a composite number?
False
Is 2294815 a composite number?
True
Is 20798273 composite?
True
Is 699349031 composite?
False
Is 2178815 composite?
True
Is 81641711 a prime number?
False
Is 8486167 a prime number?
True
Is 45258685 a composite number?
True
Is 109174849 prime?
False
Is 6714217 a composite number?
False
Is 75675338 prime?
False
Is 47824937 a prime number?
True
Is 57132281 a prime number?
True
Is 36656027 a composite number?
True
Is 503140873 a composite number?
False
Is 140479781 prime?
False
Is 435103 composite?
False
Is 156585599 composite?
False
Is 8509895 composite?
True
Is 17029423 a composite number?
False
Is 1456501 a prime number?
True
Is 375758323 a composite number?
False
Is 10092398 composite?
True
Is 5625829 composite?
True
Is 9185615 a prime number?
False
Is 53478487 composite?
True
Is 437449547 composite?
True
Is 39838537 prime?
False
Is 128743066 prime?
False
Is 2467277 a prime number?
True
Is 267176171 a prime number?
True
Is 820583 prime?
False
Is 21658753 a prime number?
True
Is 89939621 prime?
True
Is 905713 composite?
False
Is 1978342 composite?
True
Is 24388247 prime?
False
Is 68885429 a composite number?
True
Is 747161 a prime number?
True
Is 552883 a composite number?
False
Is 646618631 a prime number?
True
Is 152753327 a composite number?
True
Is 1619323 composite?
True
Is 133823219 prime?
True
Is 166127153 prime?
True
Is 1664683 prime?
False
Is 1624913 a prime number?
True
Is 1933620805 prime?
False
Is 2564629 a prime number?
False
Is 867733 a composite number?
False
Is 102221891 prime?
True
Is 49032989 composite?
False
Is 53773633 composite?
False
Is 2447507 composite?
True
Is 7317049 prime?
False
Is 186985583 a prime number?
False
Is 57032711 composite?
False
Is 8400505 composite?
True
Is 1501999 a composite number?
False
Is 2399 composite?
False
Is 11983561 prime?
True
Is 69781121 a composite number?
True
Is 1507589 a prime number?
False
Is 1329667855 a composite number?
True
Is 325015589 composite?
False
Is 790327 composite?
False
Is 1008373 a prime number?
True
Is 244619 composite?
False
Is 2563913 a composite number?
True
Is 670241993 a composite number?
False
Is 805289 prime?
True
Is 17412541 prime?
False
Is 23203927 prime?
True
Is 100435415 a prime number?
False
Is 4159397 prime?
False
Is 42964963 a prime number?
True
Is 2258947 prime?
True
Is 128142811 prime?
True
Is 19672727 a composite number?
False
Is 578451 composite?
True
Is 7697721 prime?
False
Is 767671 composite?
True
Is 10349329 a prime number?
True
Is 2622346 a composite number?
True
Is 2286863 prime?
False
Is 74999 a composite number?
True
Is 2317841 a composite number?
False
Is 26160749 composite?
True
Is 30011533 a prime number?
True
Is 1383077 prime?
True
Is 7030867 prime?
False
Is 10208013 composite?
True
Is 2036051 a composite number?
False
Is 51536761 prime?
True
Is 33627709 a composite number?
True
Is 181273 composite?
False
Is 4858111 composite?
False
Is 20601553 a prime number?
False
Is 30377 composite?
True
Is 3815387 a composite number?
True
Is 10843061 a prime number?
False
Is 25246381 a prime number?
False
Is 47146193 composite?
False
Is 918924269 a prime number?
True
Is 104862557 a prime number?
True
Is 1012363 a prime number?
False
Is 13082665 composite?
True
Is 4076789 a prime number?
False
Is 186575729 a composite number?
False
Is 533891 composite?
True
Is 4654198 composite?
True
Is 60410981 a composite number?
True
Is 204080951 prime?
True
Is 7076987 prime?
False
Is 9417257 a composite number?
True
Is 476431 prime?
False
Is 152807 prime?
False
Is 429123599 a prime number?
True
Is 62038541 composite?
False
Is 43350211 a prime number?
True
Is 271378103 a composite number?
False
Is 21407297 prime?
True
Is 14342215 a prime number?
False
Is 27049871 a prime number?
False
Is 62857 composite?
True
Is 6257281 a composite number?
False
Is 4266271 a prime number?
True
Is 21468451 composite?
True
Is 185907353 prime?
False
Is 199777511 composite?
True
Is 32973937 a prime number?
False
Is 1420643 a prime number?
False
Is 9706649 a composite number?
False
Is 59151809 prime?
False
Is 19315313 a composite number?
False
Is 43623443 a composite number?
False
Is 27754379 a prime number?
False
Is 47018443 prime?
True
Is 995412217 a prime number?
True
Is 11565709 a composite number?
True
Is 2983541 a prime number?
False
Is 3993229 composite?
False
Is 1840109 a prime number?
True
Is 3017039 composite?
True
Is 15637949 composite?
False
Is 23920837 composite?
True
Is 16315213 prime?
False
Is 26823257 a prime number?
False
Is 3156029 a prime number?
False
Is 29949749 a composite number?
True
Is 23964173 prime?
True
Is 17209979 a composite number?
False
Is 494799701 a composite number?
True
Is 6648143 a composite number?
False
Is 1586171 a prime number?
False
Is 78978931 a prime number?
False
Is 1446587 a composite number?
False
Is 211139 composite?
True
Is 291955803 a prime number?
False
Is 2914513 a composite number?
True
Is 33347045 prime?
False
Is 5672941 composite?
True
Is 236095763 prime?
True
Is 18888549 a prime number?
False
Is 83942666 composite?
True
Is 25736297 a composite number?
False
Is 705193 a prime number?
False
Is 107008159 a prime number?
False
Is 922267 composite?
True
Is 73618471 a composite number?
True
Is 50278603 a prime number?
True
Is 2460046 composite?
True
Is 346031867 prime?
True
Is 9065057 a prime number?
True
Is 91434451 a composite number?
False
Is 1299491 prime?
True
Is 1584059 composite?
False
Is 847791383 a prime number?
True
Is 8432953 prime?
False
Is 31550927 a composite number?
True
Is 359491789 a composite number?
True
Is 4686377 a composite number?
False
Is 5807357 a composite number?
False
Is 39981118 a composite number?
True
Is 33373481 prime?
False
Is 27409139 composite?
False
Is 1041951 a prime number?
False
Is 509897 prime?
False
Is 4731731 a prime number?
False
Is 2799361 prime?
True
Is 2934983 a prime number?
True
Is 230383567 a prime number?
False
Is 2888519 prime?
False
Is 24731887 composite?
False
Is 2183400863 a prime number?
False
Is 4357295 a prime number?
False
Is 38794271 a composite number?
False
Is 13086737 prime?
True
Is 741203 a prime number?